{"id":12,"date":"2019-07-24T08:54:34","date_gmt":"2019-07-24T06:54:34","guid":{"rendered":"http:\/\/haardterbalkontheater.de\/?page_id=12"},"modified":"2024-09-30T15:47:21","modified_gmt":"2024-09-30T13:47:21","slug":"startseite","status":"publish","type":"page","link":"https:\/\/haardterbalkontheater.de\/","title":{"rendered":"Wir stehen wieder in den Startl\u00f6chern f\u00fcr die neue Saison 2024!"},"content":{"rendered":"<p>Unter der Rubrik &#8222;Es wichdigschde&#8220; findet man aktuelle Infos zu anstehenden Veranstaltungen und dem Inhalt unseres neuen St\u00fcckes in 2024.<\/p>\n<p>Die Proben haben gestartet und wir k\u00f6nnen es kaum erwarten, im November wieder auf der B\u00fchne zu stehen.<\/p>\n<p>Wenn Sie unser kleines Ensemble verst\u00e4rken wollen dann melden Sie sich doch einfach unter mamum@gmx.de!<\/p>\n<p>Wir freuen uns auf Sie!<\/p>\n<p>Das Haardter Balkontheater<\/p>\n\n\n<p><\/p>\n","protected":false},"excerpt":{"rendered":"<p>Unter der Rubrik &#8222;Es wichdigschde&#8220; findet man aktuelle Infos zu anstehenden Veranstaltungen und dem Inhalt unseres neuen St\u00fcckes in 2024. Die Proben haben gestartet und wir k\u00f6nnen es kaum erwarten, im November wieder auf der B\u00fchne zu stehen. Wenn Sie unser kleines Ensemble verst\u00e4rken wollen dann melden Sie sich doch einfach unter mamum@gmx.de! Wir freuen &hellip; <\/p>\n<p class=\"link-more\"><a href=\"https:\/\/haardterbalkontheater.de\/\" class=\"more-link\"><span class=\"screen-reader-text\">\u201eWir stehen wieder in den Startl\u00f6chern f\u00fcr die neue Saison 2024!\u201c<\/span> weiterlesen<\/a><\/p>\n","protected":false},"author":1,"featured_media":0,"parent":0,"menu_order":0,"comment_status":"closed","ping_status":"closed","template":"","meta":{"_monsterinsights_skip_tracking":false,"_monsterinsights_sitenote_active":false,"_monsterinsights_sitenote_note":"","_monsterinsights_sitenote_category":0,"ngg_post_thumbnail":0,"footnotes":""},"jetpack_sharing_enabled":true,"_links":{"self":[{"href":"https:\/\/haardterbalkontheater.de\/index.php\/wp-json\/wp\/v2\/pages\/12"}],"collection":[{"href":"https:\/\/haardterbalkontheater.de\/index.php\/wp-json\/wp\/v2\/pages"}],"about":[{"href":"https:\/\/haardterbalkontheater.de\/index.php\/wp-json\/wp\/v2\/types\/page"}],"author":[{"embeddable":true,"href":"https:\/\/haardterbalkontheater.de\/index.php\/wp-json\/wp\/v2\/users\/1"}],"replies":[{"embeddable":true,"href":"https:\/\/haardterbalkontheater.de\/index.php\/wp-json\/wp\/v2\/comments?post=12"}],"version-history":[{"count":7,"href":"https:\/\/haardterbalkontheater.de\/index.php\/wp-json\/wp\/v2\/pages\/12\/revisions"}],"predecessor-version":[{"id":219,"href":"https:\/\/haardterbalkontheater.de\/index.php\/wp-json\/wp\/v2\/pages\/12\/revisions\/219"}],"wp:attachment":[{"href":"https:\/\/haardterbalkontheater.de\/index.php\/wp-json\/wp\/v2\/media?parent=12"}],"curies":[{"name":"wp","href":"https:\/\/api.w.org\/{rel}","templated":true}]}}